{"id":116,"date":"2019-01-20T18:30:11","date_gmt":"2019-01-20T17:30:11","guid":{"rendered":"http:\/\/tbc74.fr\/new%20wordpress\/?page_id=116"},"modified":"2025-07-12T14:23:51","modified_gmt":"2025-07-12T12:23:51","slug":"organigramme","status":"publish","type":"page","link":"https:\/\/tbc74.fr\/new%20wordpress\/index.php\/organigramme\/","title":{"rendered":"Organigramme"},"content":{"rendered":"\n<p id=\"block-dcb45efe-f99c-4849-9db5-2b2c1e2e2623\"><strong>Membres du bureau 25\/27 :\u00a0<\/strong><br>Pr\u00e9sidente : C\u00e9line PARMENTIER<br>Vices pr\u00e9sidents : Alexis GALLAY PAPAZ et Mickael CHARBAULT<br>Secr\u00e9taire : Jeanne CAZORLA <br>Vice-Secr\u00e9taire : Pauline GEROUDET<br>Tr\u00e9sorier : Florian BEAL<\/p>\n\n\n\n<p id=\"block-dcb45efe-f99c-4849-9db5-2b2c1e2e2623\"><br><strong>Membres du comit\u00e9 25\/27 :\u00a0<\/strong><br>Jeremy LIEBUS<br>Anne-Sophie PACHER<br>Christine PRUDHON<br>C\u00e9lia JOURDAN<br>S\u00e9bastien GRAND PIERRE<br>Philippe JOURDAN<\/p>\n\n\n\n<p id=\"block-dcb45efe-f99c-4849-9db5-2b2c1e2e2623\"><\/p>\n\n\n\n<figure class=\"wp-block-image size-large\"><img loading=\"lazy\" decoding=\"async\" width=\"1024\" height=\"806\" src=\"https:\/\/tbc74.fr\/new%20wordpress\/wp-content\/uploads\/2025\/07\/IMG_6250-3-1024x806.jpeg\" alt=\"\" class=\"wp-image-3102\" srcset=\"https:\/\/tbc74.fr\/new%20wordpress\/wp-content\/uploads\/2025\/07\/IMG_6250-3-1024x806.jpeg 1024w, https:\/\/tbc74.fr\/new%20wordpress\/wp-content\/uploads\/2025\/07\/IMG_6250-3-300x236.jpeg 300w, https:\/\/tbc74.fr\/new%20wordpress\/wp-content\/uploads\/2025\/07\/IMG_6250-3-768x605.jpeg 768w, https:\/\/tbc74.fr\/new%20wordpress\/wp-content\/uploads\/2025\/07\/IMG_6250-3-1536x1209.jpeg 1536w, https:\/\/tbc74.fr\/new%20wordpress\/wp-content\/uploads\/2025\/07\/IMG_6250-3-2048x1613.jpeg 2048w\" sizes=\"auto, (max-width: 1024px) 100vw, 1024px\" \/><\/figure>\n","protected":false},"excerpt":{"rendered":"<p>Membres du bureau 25\/27 :\u00a0Pr\u00e9sidente : C\u00e9line PARMENTIERVices pr\u00e9sidents : Alexis GALLAY PAPAZ et Mickael CHARBAULTSecr\u00e9taire : Jeanne CAZORLA Vice-Secr\u00e9taire : Pauline GEROUDETTr\u00e9sorier : Florian BEAL Membres du comit\u00e9 25\/27 :\u00a0Jeremy LIEBUSAnne-Sophie PACHERChristine PRUDHONC\u00e9lia JOURDANS\u00e9bastien GRAND PIERREPhilippe JOURDAN<\/p>\n","protected":false},"author":1,"featured_media":0,"parent":0,"menu_order":0,"comment_status":"closed","ping_status":"closed","template":"","meta":{"footnotes":""},"class_list":["post-116","page","type-page","status-publish","hentry"],"jetpack_sharing_enabled":true,"_links":{"self":[{"href":"https:\/\/tbc74.fr\/new%20wordpress\/index.php\/wp-json\/wp\/v2\/pages\/116","targetHints":{"allow":["GET"]}}],"collection":[{"href":"https:\/\/tbc74.fr\/new%20wordpress\/index.php\/wp-json\/wp\/v2\/pages"}],"about":[{"href":"https:\/\/tbc74.fr\/new%20wordpress\/index.php\/wp-json\/wp\/v2\/types\/page"}],"author":[{"embeddable":true,"href":"https:\/\/tbc74.fr\/new%20wordpress\/index.php\/wp-json\/wp\/v2\/users\/1"}],"replies":[{"embeddable":true,"href":"https:\/\/tbc74.fr\/new%20wordpress\/index.php\/wp-json\/wp\/v2\/comments?post=116"}],"version-history":[{"count":9,"href":"https:\/\/tbc74.fr\/new%20wordpress\/index.php\/wp-json\/wp\/v2\/pages\/116\/revisions"}],"predecessor-version":[{"id":3103,"href":"https:\/\/tbc74.fr\/new%20wordpress\/index.php\/wp-json\/wp\/v2\/pages\/116\/revisions\/3103"}],"wp:attachment":[{"href":"https:\/\/tbc74.fr\/new%20wordpress\/index.php\/wp-json\/wp\/v2\/media?parent=116"}],"curies":[{"name":"wp","href":"https:\/\/api.w.org\/{rel}","templated":true}]}}