{"id":3034,"date":"2025-04-27T14:51:22","date_gmt":"2025-04-27T12:51:22","guid":{"rendered":"https:\/\/tbc74.fr\/new%20wordpress\/?page_id=3034"},"modified":"2025-07-30T08:51:31","modified_gmt":"2025-07-30T06:51:31","slug":"licence-estivale-2024-2025","status":"publish","type":"page","link":"https:\/\/tbc74.fr\/new%20wordpress\/index.php\/licence-estivale-2024-2025\/","title":{"rendered":"LICENCE ESTIVALE 2024\/2025"},"content":{"rendered":"\n<h2 class=\"wp-block-heading\">La licence estivale est ouverte !<\/h2>\n\n\n\n<p>Envie de d\u00e9but maintenant ou de jouer au badminton pendant l&rsquo;\u00e9t\u00e9 ?<br>Le TBC vous propose sa&nbsp;<strong>licence estivale<\/strong>, valable de&nbsp;<strong>mai \u00e0 fin ao\u00fbt<\/strong>&nbsp;!<\/p>\n\n\n\n<h3 class=\"wp-block-heading\">Tarifs :<\/h3>\n\n\n\n<ul class=\"wp-block-list\">\n<li><strong>juillet&nbsp;et ao\u00fbt<\/strong> :&nbsp;<strong>60 \u20ac<\/strong><\/li>\n\n\n\n<li><strong>ao\u00fbt : 35 \u20ac<\/strong><\/li>\n<\/ul>\n\n\n\n<h3 class=\"wp-block-heading\">Cr\u00e9neaux disponibles :<\/h3>\n\n\n\n<ul class=\"wp-block-list\">\n<li><strong>2 cr\u00e9neaux<\/strong>&nbsp;de juillet \u00e0 ao\u00fbt (cf image) <\/li>\n<\/ul>\n\n\n\n<p>\ud83d\udc49 Que vous soyez joueur r\u00e9gulier ou simplement de passage pour l\u2019\u00e9t\u00e9, cette licence est faite pour vous !<\/p>\n\n\n\n<p>Pour s&rsquo;inscrire rien de plus simple : <\/p>\n\n\n\n<p>Rendez-vous dans la section t\u00e9l\u00e9chargement afin de remplir la licence estivale (adulte ou mineur) et le questionnaire de sant\u00e9 ! Ces 2 documents seront \u00e0 transmettre durant les cr\u00e9neaux ! <br>On a h\u00e2te de vous retrouver sur les terrains pour un \u00e9t\u00e9 100% bad et bonne humeur !<\/p>\n\n\n\n<figure class=\"wp-block-image size-large\"><img loading=\"lazy\" decoding=\"async\" width=\"819\" height=\"1024\" src=\"https:\/\/tbc74.fr\/new%20wordpress\/wp-content\/uploads\/2025\/06\/Affiche-evenement-fete-ete-plage-illustration-moderne-colore-Publication-Instagram-45-819x1024.png\" alt=\"\" class=\"wp-image-3052\" srcset=\"https:\/\/tbc74.fr\/new%20wordpress\/wp-content\/uploads\/2025\/06\/Affiche-evenement-fete-ete-plage-illustration-moderne-colore-Publication-Instagram-45-819x1024.png 819w, https:\/\/tbc74.fr\/new%20wordpress\/wp-content\/uploads\/2025\/06\/Affiche-evenement-fete-ete-plage-illustration-moderne-colore-Publication-Instagram-45-240x300.png 240w, https:\/\/tbc74.fr\/new%20wordpress\/wp-content\/uploads\/2025\/06\/Affiche-evenement-fete-ete-plage-illustration-moderne-colore-Publication-Instagram-45-768x960.png 768w, https:\/\/tbc74.fr\/new%20wordpress\/wp-content\/uploads\/2025\/06\/Affiche-evenement-fete-ete-plage-illustration-moderne-colore-Publication-Instagram-45.png 1080w\" sizes=\"auto, (max-width: 819px) 100vw, 819px\" \/><\/figure>\n","protected":false},"excerpt":{"rendered":"<p>La licence estivale est ouverte ! Envie de d\u00e9but maintenant ou de jouer au badminton pendant l&rsquo;\u00e9t\u00e9 ?Le TBC vous propose sa&nbsp;licence estivale, valable de&nbsp;mai \u00e0 fin ao\u00fbt&nbsp;! Tarifs : Cr\u00e9neaux disponibles : \ud83d\udc49 Que vous soyez joueur r\u00e9gulier ou <a class=\"more-link\" href=\"https:\/\/tbc74.fr\/new%20wordpress\/index.php\/licence-estivale-2024-2025\/\">Continuer la lecture <span class=\"screen-reader-text\">  LICENCE ESTIVALE 2024\/2025<\/span><span class=\"meta-nav\">&rarr;<\/span><\/a><\/p>\n","protected":false},"author":1,"featured_media":0,"parent":0,"menu_order":0,"comment_status":"closed","ping_status":"closed","template":"","meta":{"footnotes":""},"class_list":["post-3034","page","type-page","status-publish","hentry"],"jetpack_sharing_enabled":true,"_links":{"self":[{"href":"https:\/\/tbc74.fr\/new%20wordpress\/index.php\/wp-json\/wp\/v2\/pages\/3034","targetHints":{"allow":["GET"]}}],"collection":[{"href":"https:\/\/tbc74.fr\/new%20wordpress\/index.php\/wp-json\/wp\/v2\/pages"}],"about":[{"href":"https:\/\/tbc74.fr\/new%20wordpress\/index.php\/wp-json\/wp\/v2\/types\/page"}],"author":[{"embeddable":true,"href":"https:\/\/tbc74.fr\/new%20wordpress\/index.php\/wp-json\/wp\/v2\/users\/1"}],"replies":[{"embeddable":true,"href":"https:\/\/tbc74.fr\/new%20wordpress\/index.php\/wp-json\/wp\/v2\/comments?post=3034"}],"version-history":[{"count":6,"href":"https:\/\/tbc74.fr\/new%20wordpress\/index.php\/wp-json\/wp\/v2\/pages\/3034\/revisions"}],"predecessor-version":[{"id":3136,"href":"https:\/\/tbc74.fr\/new%20wordpress\/index.php\/wp-json\/wp\/v2\/pages\/3034\/revisions\/3136"}],"wp:attachment":[{"href":"https:\/\/tbc74.fr\/new%20wordpress\/index.php\/wp-json\/wp\/v2\/media?parent=3034"}],"curies":[{"name":"wp","href":"https:\/\/api.w.org\/{rel}","templated":true}]}}