{"id":867,"date":"2019-01-22T15:55:33","date_gmt":"2019-01-22T14:55:33","guid":{"rendered":"http:\/\/tbc74.fr\/new%20wordpress\/?page_id=867"},"modified":"2025-07-12T14:25:54","modified_gmt":"2025-07-12T12:25:54","slug":"contact","status":"publish","type":"page","link":"https:\/\/tbc74.fr\/new%20wordpress\/index.php\/contact\/","title":{"rendered":"Contact"},"content":{"rendered":"\n<p>Adresse mail :&nbsp;<a href=\"mailto:thonon.tbc74@gmail.com\">thonon.tbc74@gmail.com<\/a><\/p>\n\n\n\n<p>Num\u00e9ro de t\u00e9l\u00e9phone : 0778393776<\/p>\n\n\n\n<p>Facebook :&nbsp;<a href=\"https:\/\/www.facebook.com\/thononbadmintonclub\/\">thononbadmintonclub<\/a><\/p>\n\n\n\n<p>N\u00b0 SIRET : 443 282 470 00014<\/p>\n\n\n\n<p>Club affili\u00e9 \u00e0 la F\u00e9d\u00e9ration Fran\u00e7aise de Badminton : n\u00b0 74 S 9537<\/p>\n\n\n\n<figure class=\"wp-block-image size-full\"><img loading=\"lazy\" decoding=\"async\" width=\"512\" height=\"512\" src=\"https:\/\/tbc74.fr\/new%20wordpress\/wp-content\/uploads\/2022\/10\/cropped-Sans-titre1.png\" alt=\"\" class=\"wp-image-2337\" srcset=\"https:\/\/tbc74.fr\/new%20wordpress\/wp-content\/uploads\/2022\/10\/cropped-Sans-titre1.png 512w, https:\/\/tbc74.fr\/new%20wordpress\/wp-content\/uploads\/2022\/10\/cropped-Sans-titre1-300x300.png 300w, https:\/\/tbc74.fr\/new%20wordpress\/wp-content\/uploads\/2022\/10\/cropped-Sans-titre1-150x150.png 150w, https:\/\/tbc74.fr\/new%20wordpress\/wp-content\/uploads\/2022\/10\/cropped-Sans-titre1-270x270.png 270w, https:\/\/tbc74.fr\/new%20wordpress\/wp-content\/uploads\/2022\/10\/cropped-Sans-titre1-192x192.png 192w, https:\/\/tbc74.fr\/new%20wordpress\/wp-content\/uploads\/2022\/10\/cropped-Sans-titre1-180x180.png 180w, https:\/\/tbc74.fr\/new%20wordpress\/wp-content\/uploads\/2022\/10\/cropped-Sans-titre1-32x32.png 32w\" sizes=\"auto, (max-width: 512px) 100vw, 512px\" \/><\/figure>\n","protected":false},"excerpt":{"rendered":"<p>Adresse mail :&nbsp;thonon.tbc74@gmail.com Num\u00e9ro de t\u00e9l\u00e9phone : 0778393776 Facebook :&nbsp;thononbadmintonclub N\u00b0 SIRET : 443 282 470 00014 Club affili\u00e9 \u00e0 la F\u00e9d\u00e9ration Fran\u00e7aise de Badminton : n\u00b0 74 S 9537<\/p>\n","protected":false},"author":1,"featured_media":0,"parent":0,"menu_order":0,"comment_status":"closed","ping_status":"closed","template":"","meta":{"footnotes":""},"class_list":["post-867","page","type-page","status-publish","hentry"],"jetpack_sharing_enabled":true,"_links":{"self":[{"href":"https:\/\/tbc74.fr\/new%20wordpress\/index.php\/wp-json\/wp\/v2\/pages\/867","targetHints":{"allow":["GET"]}}],"collection":[{"href":"https:\/\/tbc74.fr\/new%20wordpress\/index.php\/wp-json\/wp\/v2\/pages"}],"about":[{"href":"https:\/\/tbc74.fr\/new%20wordpress\/index.php\/wp-json\/wp\/v2\/types\/page"}],"author":[{"embeddable":true,"href":"https:\/\/tbc74.fr\/new%20wordpress\/index.php\/wp-json\/wp\/v2\/users\/1"}],"replies":[{"embeddable":true,"href":"https:\/\/tbc74.fr\/new%20wordpress\/index.php\/wp-json\/wp\/v2\/comments?post=867"}],"version-history":[{"count":3,"href":"https:\/\/tbc74.fr\/new%20wordpress\/index.php\/wp-json\/wp\/v2\/pages\/867\/revisions"}],"predecessor-version":[{"id":3104,"href":"https:\/\/tbc74.fr\/new%20wordpress\/index.php\/wp-json\/wp\/v2\/pages\/867\/revisions\/3104"}],"wp:attachment":[{"href":"https:\/\/tbc74.fr\/new%20wordpress\/index.php\/wp-json\/wp\/v2\/media?parent=867"}],"curies":[{"name":"wp","href":"https:\/\/api.w.org\/{rel}","templated":true}]}}